{"id":149,"date":"2014-07-25T19:33:17","date_gmt":"2014-07-25T19:33:17","guid":{"rendered":"http:\/\/www.cssigniter.com\/preview\/philoxenia\/?page_id=149"},"modified":"2026-03-13T22:56:32","modified_gmt":"2026-03-13T21:56:32","slug":"close-up","status":"publish","type":"page","link":"https:\/\/www.phillusionniste.com\/index.php\/close-up\/","title":{"rendered":"Close-up"},"content":{"rendered":"<p style=\"text-align: left;\">Le close-up, appel\u00e9 aussi magie de proximit\u00e9, est un mini spectacle se produisant au plus pr\u00e8s des spectateurs, \u00e0 quelques centim\u00e8tres seulement de leur regard.<\/p>\n<p style=\"text-align: left;\">En utilisant des objets divers souvent issus de la vie quotidienne (briquet, stylo, pi\u00e8ce, cartes&#8230;), le magicien vous propose une animation interactive, conviviale, dr\u00f4le et insolite en d\u00e9ambulation.<\/p>\n<p>Des exp\u00e9riences de mentalisme et\/ou d&rsquo;hypnose peuvent \u00e9galement \u00eatre pr\u00e9sent\u00e9es dans cette configuration.<\/p>\n<p style=\"text-align: left;\">Au cours de vos d\u00eeners ou cocktails d\u00eenatoires, Phil l&rsquo;illusionniste marquera l\u2019esprit de vos invit\u00e9s par son dynamisme, son sens de l\u2019humour et sa magie pleine de myst\u00e8res et de surprises.<\/p>\n<p><iframe loading=\"lazy\" title=\"Teaser close up !\" width=\"750\" height=\"422\" src=\"https:\/\/www.youtube.com\/embed\/vgHmZMJjrQI?feature=oembed\" frameborder=\"0\" allow=\"accelerometer; autoplay; clipboard-write; encrypted-media; gyroscope; picture-in-picture; web-share\" referrerpolicy=\"strict-origin-when-cross-origin\" allowfullscreen><\/iframe><\/p>\n\n\n\n\n<figure class=\"wp-block-embed is-type-video is-provider-youtube wp-block-embed-youtube wp-embed-aspect-16-9 wp-has-aspect-ratio\"><div class=\"wp-block-embed__wrapper\">\n<iframe loading=\"lazy\" title=\"Extrait de close-up\" width=\"750\" height=\"422\" src=\"https:\/\/www.youtube.com\/embed\/EMUIR6k-15M?feature=oembed\" frameborder=\"0\" allow=\"accelerometer; autoplay; clipboard-write; encrypted-media; gyroscope; picture-in-picture; web-share\" referrerpolicy=\"strict-origin-when-cross-origin\" allowfullscreen><\/iframe>\n<\/div><\/figure>\n","protected":false},"excerpt":{"rendered":"<p>Le close-up, appel\u00e9 aussi magie de proximit\u00e9, est un mini spectacle se produisant au plus pr\u00e8s des spectateurs, \u00e0 quelques centim\u00e8tres seulement de leur regard. En utilisant des objets divers souvent issus de la vie quotidienne (briquet, stylo, pi\u00e8ce, cartes&#8230;), le magicien vous propose une animation interactive, conviviale, dr\u00f4le et[&#8230;]<\/p>\n","protected":false},"author":1,"featured_media":746,"parent":0,"menu_order":0,"comment_status":"open","ping_status":"open","template":"","meta":{"footnotes":""},"class_list":["post-149","page","type-page","status-publish","has-post-thumbnail","hentry"],"yoast_head":"<!-- This site is optimized with the Yoast SEO plugin v27.3 - https:\/\/yoast.com\/product\/yoast-seo-wordpress\/ -->\n<title>Magicien Rennes Bretagne ille et vilaine close-up mariage<\/title>\n<meta name=\"description\" content=\"Magicien \u00e0 Rennes et en Bretagne, Phil l&#039;illusionniste vous propose diff\u00e9rentes prestations : close-up, mentalisme, hypnose, spectacles...\" \/>\n<meta name=\"robots\" content=\"index, follow, max-snippet:-1, max-image-preview:large, max-video-preview:-1\" \/>\n<link rel=\"canonical\" href=\"https:\/\/www.phillusionniste.com\/index.php\/close-up\/\" \/>\n<meta property=\"og:locale\" content=\"fr_FR\" \/>\n<meta property=\"og:type\" content=\"article\" \/>\n<meta property=\"og:title\" content=\"Magicien Rennes Bretagne ille et vilaine close-up mariage\" \/>\n<meta property=\"og:description\" content=\"Magicien \u00e0 Rennes et en Bretagne, Phil l&#039;illusionniste vous propose diff\u00e9rentes prestations : close-up, mentalisme, hypnose, spectacles...\" \/>\n<meta property=\"og:url\" content=\"https:\/\/www.phillusionniste.com\/index.php\/close-up\/\" \/>\n<meta property=\"og:site_name\" content=\"Phil l&#039;illusionniste\" \/>\n<meta property=\"article:modified_time\" content=\"2026-03-13T21:56:32+00:00\" \/>\n<meta property=\"og:image\" content=\"https:\/\/www.phillusionniste.com\/wp-content\/uploads\/2014\/07\/3-1024x683.jpg\" \/>\n\t<meta property=\"og:image:width\" content=\"1024\" \/>\n\t<meta property=\"og:image:height\" content=\"683\" \/>\n\t<meta property=\"og:image:type\" content=\"image\/jpeg\" \/>\n<meta name=\"twitter:card\" content=\"summary_large_image\" \/>\n<meta name=\"twitter:label1\" content=\"Dur\u00e9e de lecture estim\u00e9e\" \/>\n\t<meta name=\"twitter:data1\" content=\"1 minute\" \/>\n<script type=\"application\/ld+json\" class=\"yoast-schema-graph\">{\"@context\":\"https:\\\/\\\/schema.org\",\"@graph\":[{\"@type\":\"WebPage\",\"@id\":\"https:\\\/\\\/www.phillusionniste.com\\\/index.php\\\/close-up\\\/\",\"url\":\"https:\\\/\\\/www.phillusionniste.com\\\/index.php\\\/close-up\\\/\",\"name\":\"Magicien Rennes Bretagne ille et vilaine close-up mariage\",\"isPartOf\":{\"@id\":\"https:\\\/\\\/www.phillusionniste.com\\\/#website\"},\"primaryImageOfPage\":{\"@id\":\"https:\\\/\\\/www.phillusionniste.com\\\/index.php\\\/close-up\\\/#primaryimage\"},\"image\":{\"@id\":\"https:\\\/\\\/www.phillusionniste.com\\\/index.php\\\/close-up\\\/#primaryimage\"},\"thumbnailUrl\":\"https:\\\/\\\/www.phillusionniste.com\\\/wp-content\\\/uploads\\\/2014\\\/07\\\/3.jpg\",\"datePublished\":\"2014-07-25T19:33:17+00:00\",\"dateModified\":\"2026-03-13T21:56:32+00:00\",\"description\":\"Magicien \u00e0 Rennes et en Bretagne, Phil l'illusionniste vous propose diff\u00e9rentes prestations : close-up, mentalisme, hypnose, spectacles...\",\"breadcrumb\":{\"@id\":\"https:\\\/\\\/www.phillusionniste.com\\\/index.php\\\/close-up\\\/#breadcrumb\"},\"inLanguage\":\"fr-FR\",\"potentialAction\":[{\"@type\":\"ReadAction\",\"target\":[\"https:\\\/\\\/www.phillusionniste.com\\\/index.php\\\/close-up\\\/\"]}]},{\"@type\":\"ImageObject\",\"inLanguage\":\"fr-FR\",\"@id\":\"https:\\\/\\\/www.phillusionniste.com\\\/index.php\\\/close-up\\\/#primaryimage\",\"url\":\"https:\\\/\\\/www.phillusionniste.com\\\/wp-content\\\/uploads\\\/2014\\\/07\\\/3.jpg\",\"contentUrl\":\"https:\\\/\\\/www.phillusionniste.com\\\/wp-content\\\/uploads\\\/2014\\\/07\\\/3.jpg\",\"width\":5760,\"height\":3840},{\"@type\":\"BreadcrumbList\",\"@id\":\"https:\\\/\\\/www.phillusionniste.com\\\/index.php\\\/close-up\\\/#breadcrumb\",\"itemListElement\":[{\"@type\":\"ListItem\",\"position\":1,\"name\":\"Accueil\",\"item\":\"https:\\\/\\\/www.phillusionniste.com\\\/\"},{\"@type\":\"ListItem\",\"position\":2,\"name\":\"Close-up\"}]},{\"@type\":\"WebSite\",\"@id\":\"https:\\\/\\\/www.phillusionniste.com\\\/#website\",\"url\":\"https:\\\/\\\/www.phillusionniste.com\\\/\",\"name\":\"Phil l&#039;illusionniste\",\"description\":\"L\u2019illusion au service de l\u2019\u00e9motion\",\"potentialAction\":[{\"@type\":\"SearchAction\",\"target\":{\"@type\":\"EntryPoint\",\"urlTemplate\":\"https:\\\/\\\/www.phillusionniste.com\\\/?s={search_term_string}\"},\"query-input\":{\"@type\":\"PropertyValueSpecification\",\"valueRequired\":true,\"valueName\":\"search_term_string\"}}],\"inLanguage\":\"fr-FR\"}]}<\/script>\n<!-- \/ Yoast SEO plugin. -->","yoast_head_json":{"title":"Magicien Rennes Bretagne ille et vilaine close-up mariage","description":"Magicien \u00e0 Rennes et en Bretagne, Phil l'illusionniste vous propose diff\u00e9rentes prestations : close-up, mentalisme, hypnose, spectacles...","robots":{"index":"index","follow":"follow","max-snippet":"max-snippet:-1","max-image-preview":"max-image-preview:large","max-video-preview":"max-video-preview:-1"},"canonical":"https:\/\/www.phillusionniste.com\/index.php\/close-up\/","og_locale":"fr_FR","og_type":"article","og_title":"Magicien Rennes Bretagne ille et vilaine close-up mariage","og_description":"Magicien \u00e0 Rennes et en Bretagne, Phil l'illusionniste vous propose diff\u00e9rentes prestations : close-up, mentalisme, hypnose, spectacles...","og_url":"https:\/\/www.phillusionniste.com\/index.php\/close-up\/","og_site_name":"Phil l&#039;illusionniste","article_modified_time":"2026-03-13T21:56:32+00:00","og_image":[{"width":1024,"height":683,"url":"https:\/\/www.phillusionniste.com\/wp-content\/uploads\/2014\/07\/3-1024x683.jpg","type":"image\/jpeg"}],"twitter_card":"summary_large_image","twitter_misc":{"Dur\u00e9e de lecture estim\u00e9e":"1 minute"},"schema":{"@context":"https:\/\/schema.org","@graph":[{"@type":"WebPage","@id":"https:\/\/www.phillusionniste.com\/index.php\/close-up\/","url":"https:\/\/www.phillusionniste.com\/index.php\/close-up\/","name":"Magicien Rennes Bretagne ille et vilaine close-up mariage","isPartOf":{"@id":"https:\/\/www.phillusionniste.com\/#website"},"primaryImageOfPage":{"@id":"https:\/\/www.phillusionniste.com\/index.php\/close-up\/#primaryimage"},"image":{"@id":"https:\/\/www.phillusionniste.com\/index.php\/close-up\/#primaryimage"},"thumbnailUrl":"https:\/\/www.phillusionniste.com\/wp-content\/uploads\/2014\/07\/3.jpg","datePublished":"2014-07-25T19:33:17+00:00","dateModified":"2026-03-13T21:56:32+00:00","description":"Magicien \u00e0 Rennes et en Bretagne, Phil l'illusionniste vous propose diff\u00e9rentes prestations : close-up, mentalisme, hypnose, spectacles...","breadcrumb":{"@id":"https:\/\/www.phillusionniste.com\/index.php\/close-up\/#breadcrumb"},"inLanguage":"fr-FR","potentialAction":[{"@type":"ReadAction","target":["https:\/\/www.phillusionniste.com\/index.php\/close-up\/"]}]},{"@type":"ImageObject","inLanguage":"fr-FR","@id":"https:\/\/www.phillusionniste.com\/index.php\/close-up\/#primaryimage","url":"https:\/\/www.phillusionniste.com\/wp-content\/uploads\/2014\/07\/3.jpg","contentUrl":"https:\/\/www.phillusionniste.com\/wp-content\/uploads\/2014\/07\/3.jpg","width":5760,"height":3840},{"@type":"BreadcrumbList","@id":"https:\/\/www.phillusionniste.com\/index.php\/close-up\/#breadcrumb","itemListElement":[{"@type":"ListItem","position":1,"name":"Accueil","item":"https:\/\/www.phillusionniste.com\/"},{"@type":"ListItem","position":2,"name":"Close-up"}]},{"@type":"WebSite","@id":"https:\/\/www.phillusionniste.com\/#website","url":"https:\/\/www.phillusionniste.com\/","name":"Phil l&#039;illusionniste","description":"L\u2019illusion au service de l\u2019\u00e9motion","potentialAction":[{"@type":"SearchAction","target":{"@type":"EntryPoint","urlTemplate":"https:\/\/www.phillusionniste.com\/?s={search_term_string}"},"query-input":{"@type":"PropertyValueSpecification","valueRequired":true,"valueName":"search_term_string"}}],"inLanguage":"fr-FR"}]}},"_links":{"self":[{"href":"https:\/\/www.phillusionniste.com\/index.php\/wp-json\/wp\/v2\/pages\/149","targetHints":{"allow":["GET"]}}],"collection":[{"href":"https:\/\/www.phillusionniste.com\/index.php\/wp-json\/wp\/v2\/pages"}],"about":[{"href":"https:\/\/www.phillusionniste.com\/index.php\/wp-json\/wp\/v2\/types\/page"}],"author":[{"embeddable":true,"href":"https:\/\/www.phillusionniste.com\/index.php\/wp-json\/wp\/v2\/users\/1"}],"replies":[{"embeddable":true,"href":"https:\/\/www.phillusionniste.com\/index.php\/wp-json\/wp\/v2\/comments?post=149"}],"version-history":[{"count":30,"href":"https:\/\/www.phillusionniste.com\/index.php\/wp-json\/wp\/v2\/pages\/149\/revisions"}],"predecessor-version":[{"id":1123,"href":"https:\/\/www.phillusionniste.com\/index.php\/wp-json\/wp\/v2\/pages\/149\/revisions\/1123"}],"wp:featuredmedia":[{"embeddable":true,"href":"https:\/\/www.phillusionniste.com\/index.php\/wp-json\/wp\/v2\/media\/746"}],"wp:attachment":[{"href":"https:\/\/www.phillusionniste.com\/index.php\/wp-json\/wp\/v2\/media?parent=149"}],"curies":[{"name":"wp","href":"https:\/\/api.w.org\/{rel}","templated":true}]}}